{"id":2059,"date":"2015-08-13T08:56:21","date_gmt":"2015-08-13T08:56:21","guid":{"rendered":"http:\/\/demo.lunartheme.com\/lincoln\/?page_id=2059"},"modified":"2017-10-26T15:57:13","modified_gmt":"2017-10-26T15:57:13","slug":"colegio-humane","status":"publish","type":"page","link":"https:\/\/www.humane.com.mx\/espanol\/colegio-humane\/","title":{"rendered":"Colegio Humane"},"content":{"rendered":"[vc_row css=\u00bb.vc_custom_1439453557736{margin-bottom: 95px !important;}\u00bb][vc_column]<div  id=\"S3iuXqQm6P\" class=\"k2t-heading align-left has-border no-subtitle h2 two_dots\"><div class=\"k2t-heading-inner\"><div class=\"text\"><h2 class=\"h\"><span>Nuestra Historia<\/span><\/h2><div class=\"has-boder-style\"><span><\/span><\/div><\/div><\/div><\/div>[vc_tta_tabs style=\u00bbflat\u00bb spacing=\u00bb20&#8243; gap=\u00bb10&#8243; active_section=\u00bb1&#8243; pagination_style=\u00bboutline-square\u00bb][vc_tta_section title=\u00bb2002&#8243; tab_id=\u00bb1439366115142-40f026ff-0a81&#8243;][vc_row_inner][vc_column_inner width=\u00bb1\/2&#8243;][vc_column_text]\r\n<h3 style=\"font-size: 18px;\">INICIA EL PROYECTO HUMANE<\/h3>\r\n<p style=\"font-size: 16px; line-height: 2;\">Se comienza como una propuesta de cambio educativo, en el que se conjuga la experiencia empresarial, acad\u00e9mica, el profesionalismo e innovaci\u00f3n. Cada elemento formaliz\u00f3 un proyecto que alcanz\u00f3 un alto nivel de aceptaci\u00f3n en la comunidad. Los estudios, las horas de trabajo y el entusiasmo generaron metas a alcanzar.\r\nLas metas alcanzadas fueron: un proyecto acad\u00e9mico integral, con el desarrollo de una infraestructura completa para satisfacer las necesidades de cada uno de nuestros alumnos, acompa\u00f1ados de un equipo de profesionales y especialistas en el \u00e1re<\/p>\r\n[\/vc_column_text][\/vc_column_inner][vc_column_inner width=\u00bb1\/2&#8243;][vc_single_image image=\u00bb391546&#8243; img_size=\u00bbfull\u00bb][\/vc_column_inner][\/vc_row_inner][\/vc_tta_section][vc_tta_section title=\u00bb2003-2004&#8243; tab_id=\u00bb1439451715997-e75d1722-c6eb\u00bb][vc_row_inner][vc_column_inner width=\u00bb1\/2&#8243;][vc_column_text]\r\n<h3 style=\"font-size: 18px;\">1\u00ba CICLO ESCOLAR\r\nCON MONTESSORI Y LOZANOV<\/h3>\r\n<p style=\"font-size: 16px; line-height: 2;\">Para el inicio de nuestro primer ciclo escolar, contamos con la presencia de especialistas en las \u00e1reas de Montessori y Aprendizaje Acelerado. En el \u00e1rea de Montessori, \u00c1gueda Vega, quien form\u00f3 parte de la primera generaci\u00f3n de gu\u00edas montessori capacitadas por AMI (Asociaci\u00f3n Montessori Internacional) y que por muchos a\u00f1os fue directora del Colegio Rancho Vergel en la ciudad de M\u00e9xico. Y por el \u00e1rea de Aprendizaje Acelerado, se capacito al personal por varios meses para reconocer el proceso y poder ver la viabilidad en el proyecto Acad\u00e9mico de Humane, el cual fue aceptado y empatado de manera magistral con el \u00e1rea de montessori.<\/p>\r\n[\/vc_column_text][\/vc_column_inner][vc_column_inner width=\u00bb1\/2&#8243;][vc_single_image image=\u00bb391640&#8243; img_size=\u00bbfull\u00bb][\/vc_column_inner][\/vc_row_inner][\/vc_tta_section][vc_tta_section title=\u00bb2004-2005&#8243; tab_id=\u00bb1439451714158-bb294f91-8919&#8243;][vc_row_inner][vc_column_inner width=\u00bb1\/2&#8243;][vc_column_text]\r\n<h3 style=\"font-size: 18px;\"><\/h3>\r\n<h3 style=\"font-size: 18px;\">INICIO DE SECUNDARIA<\/h3>\r\n<p style=\"font-size: 16px; line-height: 2;\">El crecimiento de la generaci\u00f3n de los ni\u00f1os de 6to, motiv\u00f3 que los ni\u00f1os y padres solicitar\u00e1n la apertura de la secci\u00f3n de secundaria, todo esto, con el fin de alcanzar un mejor desarrollo y seguimiento del avance de los ni\u00f1os. El modelo de secundaria se bas\u00f3 en el desarrollo del modelo de Aprendizaje Acelerado. Cada uno de los alumnos vivi\u00f3 una experiencia \u00fanica y de atenci\u00f3n personalizada con un equipo de profesionales en el \u00e1rea y en un ambiente totalmente biling\u00fce.<\/p>\r\n\r\n<h3 style=\"font-size: 18px;\">PRIMER D\u00cdA DE LA FAMILIA<\/h3>\r\n<p style=\"font-size: 16px; line-height: 2;\">Este primer evento nace de unos de los fundamentos y valores de Humane que es: La Familia, en el creer que la base m\u00e1s fuerte en el desarrollo del ni\u00f1o es la familia, se busc\u00f3 integrar una actividad de convivencia y disfrute de los logros del ni\u00f1o, a trav\u00e9s de un evento cultural y de espect\u00e1culos. Todo el evento fue un \u00e9xito y cada a\u00f1o se ser\u00e1 la expectativa del ciclo anterior. Nuestros ni\u00f1os son unos artistas gracias al acompa\u00f1amiento y amor constante de los padres.<\/p>\r\n[\/vc_column_text][\/vc_column_inner][vc_column_inner width=\u00bb1\/2&#8243;][vc_single_image image=\u00bb391606&#8243; img_size=\u00bbfull\u00bb][\/vc_column_inner][\/vc_row_inner][\/vc_tta_section][vc_tta_section title=\u00bb2005-2006&#8243; tab_id=\u00bb1439451709430-b8d2cd24-9ce4&#8243;][vc_row_inner][vc_column_inner width=\u00bb1\/2&#8243;][vc_column_text]\r\n<h3 style=\"font-size: 18px;\">PRIMER VIAJE A TENACATITA<\/h3>\r\n<p style=\"font-size: 18px;\">Este viaje se da con la participaci\u00f3n de los alumnos de sexto y sus familias (padres y hermanos). Nace de una convivencia m\u00e1s profunda entre las familias, las cuales ya estaban integradas por tantos a\u00f1os de participaci\u00f3n en el colegio y deciden pasar un tiempo inolvidable en contacto con la naturaleza, el trabajo en equipo y experiencias con sus compa\u00f1eros. La hermandad que se vive en el campamento marca la vida de nuestros ni\u00f1os, los cuales recuerdan la salida como algo que nunca olvidar\u00e1n<\/p>\r\n&nbsp;\r\n<h3 style=\"font-size: 18px;\">CAMPAMENTO EL MOLINO<\/h3>\r\nEs un campamento que apoya la independencia y seguridad del ni\u00f1o. Se recomienda por las gu\u00edas y ayuda a una observaci\u00f3n de las fortalezas de cada uno de los participantes. El equipo de Molino es de un profesionalismo inmenso, ya que su experiencia es de m\u00e1s de 30 a\u00f1os. Las actividades y las clases est\u00e1n pensadas en el inter\u00e9s de los ni\u00f1os. Cada campamento deja huellas de amor, alegr\u00eda y fortalezas en cada uno de los ni\u00f1os.\r\n<h3 style=\"font-size: 18px;\">INICIO DE PARTICIPACI\u00d3N EN TECMUN<\/h3>\r\nLos chavos de secundaria comenzaron una participaci\u00f3n completa el TECMUN. Preparando sus investigaciones, estudiando los datos hist\u00f3ricos, su vestuario y sobretodo la confianza de argumentar sus puntos de vista y demostrando las habilidades de comunicaci\u00f3n que trabajaron en su d\u00eda a d\u00eda en Humane. La experiencia de cada TECMUN deja gratos resultados, reconocimientos y sobre todo, una experiencia de profesionalismo en su desarrollo acad\u00e9mico.[\/vc_column_text][\/vc_column_inner][vc_column_inner width=\u00bb1\/2&#8243;][vc_single_image image=\u00bb391613&#8243; img_size=\u00bbfull\u00bb][\/vc_column_inner][\/vc_row_inner][\/vc_tta_section][vc_tta_section title=\u00bb2006-2007&#8243; tab_id=\u00bb1439451788186-ea1257e4-3ee6&#8243;][vc_row_inner][vc_column_inner width=\u00bb1\/2&#8243;][vc_column_text]\r\n<h3 style=\"font-size: 18px;\">INICI\u00d3 EL PROYECTO DE LECTURA EN ESPA\u00d1OL<\/h3>\r\n<p style=\"font-size: 16px; line-height: 2;\">Los avances de lectura y comprensi\u00f3n son un factor de suma importancia en el desarrollo de los ni\u00f1os. Por todo estos se comenz\u00f3 la implementaci\u00f3n del proyecto de lectura, comenzando con la adquisici\u00f3n de nuevos libros, visitas a la feria del libro y con motivaci\u00f3n constante para emprender un camino de aventura e inter\u00e9s en la lectura. Para llevar registro se llevan sistemas de medici\u00f3n avance, reconociendo a los ni\u00f1os que gustan de la lectura y lo demuestran con sus tiempos con un libro.<\/p>\r\n[\/vc_column_text][\/vc_column_inner][vc_column_inner width=\u00bb1\/2&#8243;][vc_single_image image=\u00bb391627&#8243; img_size=\u00bbfull\u00bb][\/vc_column_inner][\/vc_row_inner][\/vc_tta_section][vc_tta_section title=\u00bb2009&#8243; tab_id=\u00bb1484566469832-23a883d3-bb2c\u00bb][vc_row_inner][vc_column_inner width=\u00bb1\/2&#8243;][vc_column_text]\r\n<h3 style=\"font-size: 18px;\">INICIO DE LA TECNOLOG\u00cdA DE ESTUDIO<\/h3>\r\n<p style=\"font-size: 16px; line-height: 2;\">Los avances acad\u00e9micos nos dieron la oportunidad de seguir mejorando y de esta manera, lleg\u00f3 a Humane la Tecnolog\u00eda de Estudio, la cual ayud\u00f3 a los docentes a encontrar las barreras de estudio y a mejorar la comprensi\u00f3n de lo que s\u00e9 lee y de lo que se aprende a trav\u00e9s de las palabras.<\/p>\r\n\r\n<h3 style=\"font-size: 16px; line-height: 2;\">SE INICI\u00d3 EL PROYECTO DE CLUB HUMANE Y LOS CURSOS DE VERANO<\/h3>\r\nPor una solicitud de varios padres de familia se comenz\u00f3 el proceso de clases por la tarde, para complementar las actividades de los ni\u00f1os en las tardes. Las clases que se iniciaron fueron divertidas y de inter\u00e9s para los ni\u00f1os. De esta manera tambi\u00e9n comenzamos con el curso de verano, con una poblaci\u00f3n de m\u00e1s de 100 ni\u00f1os de diferentes edades, y con invitados de otros colegios. Es por esto que nuestra comunidad educativa se encuentra activa los 12 meses del a\u00f1o.[\/vc_column_text][\/vc_column_inner][vc_column_inner width=\u00bb1\/2&#8243;][vc_single_image image=\u00bb391628&#8243; img_size=\u00bbfull\u00bb][\/vc_column_inner][\/vc_row_inner][\/vc_tta_section][vc_tta_section title=\u00bb2011&#8243; tab_id=\u00bb1484566508109-e10df0fc-8b63&#8243;][vc_row_inner][vc_column_inner width=\u00bb1\/2&#8243;][vc_column_text]\r\n<h3 style=\"font-size: 18px;\">SE COMENZ\u00d3 EL DISE\u00d1O DE LIBROS HUMANE<\/h3>\r\n<p style=\"font-size: 16px; line-height: 2;\">Para complementar el trabajo de los ni\u00f1os en el ambiente y para mejorar la comunicaci\u00f3n con los padres sobre los que trabajan sus hijos en el colegio, se elaboraron los libros Humane con el fin de mejorar el desempe\u00f1o de los ejercicios siguientes y d\u00e1ndole seguimiento al trabajo con el material montessori en el ambiente.<\/p>\r\n[\/vc_column_text][\/vc_column_inner][vc_column_inner width=\u00bb1\/2&#8243;][vc_single_image image=\u00bb391612&#8243; img_size=\u00bbfull\u00bb][\/vc_column_inner][\/vc_row_inner][\/vc_tta_section][vc_tta_section title=\u00bb2012&#8243; tab_id=\u00bb1484566590446-da52ab7c-9b84&#8243;][vc_row_inner][vc_column_inner width=\u00bb1\/2&#8243;][vc_column_text]\r\n<h3 style=\"font-size: 18px;\">EL COLEGIO COMENZ\u00d3 A TENER INTERCULTURALIDAD<\/h3>\r\n<p style=\"font-size: 16px; line-height: 2;\">La mejora en la industria de nuestro estado, trajo a mucha gente extranjera a vivir a Le\u00f3n. Y es por este motivo que nos complace darnos cuenta, que la elecci\u00f3n de nuestro colegio de estas familias, nos demuestra que nuestro colegio se encuentra a un nivel mundial. Ya que las 19 nacionalidades que conviven en nuestra comunidad, respalda nuestro trabajo que por muchos a\u00f1os se ha realizado de manera profesional.<\/p>\r\n[\/vc_column_text][\/vc_column_inner][vc_column_inner width=\u00bb1\/2&#8243;][vc_single_image image=\u00bb391654&#8243; img_size=\u00bbfull\u00bb][\/vc_column_inner][\/vc_row_inner][\/vc_tta_section][vc_tta_section title=\u00bb2013&#8243; tab_id=\u00bb1484566624528-91829d4f-e198&#8243;][vc_row_inner][vc_column_inner width=\u00bb1\/2&#8243;][vc_column_text]\r\n<h3 style=\"font-size: 18px;\">SE INICI\u00d3 LA CREACI\u00d3N DEL ORGANIGRAMA Y ESQUEMA ADMINISTRATIVO<\/h3>\r\n<p style=\"font-size: 16px; line-height: 2;\">El crecimiento de nuestra instituci\u00f3n, nos llev\u00f3 a manejar una Pericia Administrativa, que dio como resultado un Organigrama institucional, el cual refleja el trabajo de cada uno de los colaboradores, su descripci\u00f3n de puesto y l\u00edneas de comunicaci\u00f3n.<\/p>\r\n\r\n<h3 style=\"font-size: 18px;\">SE INICI\u00d3 EL MODELO DE CALIDAD \u2028DIVISI\u00d3N 5<\/h3>\r\nLos avances en nuestro proyecto educativo, tiene bases de calidad de una manera muy importante. El logro que obtienen los ni\u00f1os y chavos en comprender lo que estudian. Ayuda a que los alumnos alcancen el amor por lo que aprenden, gracias al nivel de comprensi\u00f3n en todo lo que se les presenta. Este departamento da la oportunidad de comprender todo lo que estudian.\r\n<h3 style=\"font-size: 18px;\">INICI\u00d3 EL PROYECTO DE LECTURA INGL\u00c9S<\/h3>\r\nEl inter\u00e9s de los alumnos por mejorar su nivel de comprensi\u00f3n en el ingl\u00e9s, nos llev\u00f3 a adquirir un programa de alto rendimiento acad\u00e9mico, el cual se basa en un sistema de puntaje y avance individual, con palabras clave y dosificado en varios niveles, los cuales el ni\u00f1o puede administrar de manera personal.[\/vc_column_text][\/vc_column_inner][vc_column_inner width=\u00bb1\/2&#8243;][vc_single_image image=\u00bb391638&#8243; img_size=\u00bbfull\u00bb][\/vc_column_inner][\/vc_row_inner][\/vc_tta_section][vc_tta_section title=\u00bb2014-2015&#8243; tab_id=\u00bb1484566766503-fe29652c-51ef\u00bb][vc_row_inner][vc_column_inner width=\u00bb1\/2&#8243;][vc_column_text]\r\n<h3 style=\"font-size: 18px;\">INICI\u00d3 EL PROYECTO DE ESTIMULACI\u00d3N TEMPRANA<\/h3>\r\n<p style=\"font-size: 16px; line-height: 2;\">El colegio reconoce la importancia del desarrollo de la persona en la primera etapa de la vida y la relaci\u00f3n que se construye con sus padres y el entorno, marcar\u00e1 su estructura mental, emocional y social, por lo tanto el colegio implemento el \u00e1rea de estimulaci\u00f3n temprana para despertar el mayor potencial en esta etapa de su vida.<\/p>\r\n\r\n<h3 style=\"font-size: 18px;\">SE INICIA EL USO DE GU\u00cdAS DE ESTUDIO&lt;<\/h3>\r\nEl uso de gu\u00edas de estudio, propicia una comprensi\u00f3n ilimitada de conocimiento en el \u00e1rea en la que cada alumno tenga inter\u00e9s. El conocer las estrategias de estudio evita que los alumnos se atrasen o atoren en alg\u00fan contenido. Y, por otra parte, estimula el avance del alumno sin limitarlo, ya que al terminar una gu\u00eda, la cual trabajo a su propio ritmo, puede continuar de manera aut\u00f3noma, sin tener que esperar a un grupo o profesor para que le ense\u00f1e lo que necesita aprender. De tal manera que los alumnos no est\u00e1n limitados por el aprendizaje, sino por el contrario, logran el nivel que ellos quieran alcanzar.[\/vc_column_text][\/vc_column_inner][vc_column_inner width=\u00bb1\/2&#8243;][vc_single_image image=\u00bb391631&#8243; img_size=\u00bbfull\u00bb][\/vc_column_inner][\/vc_row_inner][\/vc_tta_section][vc_tta_section title=\u00bbAhora\u00bb tab_id=\u00bb1484566846062-97b81517-d520&#8243;][vc_row_inner][vc_column_inner width=\u00bb1\/2&#8243;][vc_column_text]\r\n<h3 style=\"font-size: 18px;\">INICI\u00d3 EL PROYECTO DE BABY &amp; ME<\/h3>\r\nEs un proyecto para beb\u00e9s de 6 a 12 meses, 13 a 18 meses y 19 a 24 meses. Dise\u00f1ada para estimular los sentidos y ayudar al desarrollo del beb\u00e9. Cada sesi\u00f3n contiene una variedad de actividades que incluye canciones, espect\u00e1culos de luz, t\u00edteres, material sorpresa, burbujas y m\u00e1s, introduciendo nuevos y emocionantes ejercicios, combinando actividades individuales y de grupo, permitiendo que los beb\u00e9s socialicen con otros beb\u00e9s.\r\n<h3 style=\"font-size: 18px;\">INICI\u00d3 EL PROYECTO DE PERMACULTURA<\/h3>\r\nCon la Permacultura buscamos que los ni\u00f1os trabajen\u00a0 con la naturaleza y no contra la ella; fortalecemos la observaci\u00f3n prolongada y reflexiva, en lugar de labores prolongados e inconscientes; de entender a las plantas y los animales en todas sus funciones.\r\n<h3 style=\"font-size: 18px;\">SE CRE\u00d3 EL CONSEJO ESTUDIANTIL<\/h3>\r\nBuscamos ayudar en la independencia y esuchar las propuestas de nuestros chavos con su consejo estudiantil mantiene su propia voz\u00a0 dentro de la entidad educativa y se dedica a actividades sociales y culturales organizadas por y para los estudiantes, asumiendo tambi\u00e9n el papel de dar o facilitar apoyo a los estudiantes.\r\n<h3 style=\"font-size: 18px;\">SE CRE\u00d3 HUMANE NET<\/h3>\r\nEn Humane Net, lo m\u00e1s importante es plasmar y potencializar todas las habilidades art\u00edsticas, deportivas, ecol\u00f3gicas y tecnol\u00f3gicas\u00a0que fortalecen su formaci\u00f3n integral como personas de bien ante la sociedad.\r\n<h3 style=\"font-size: 18px;\">1\u00ba EGRESADOS DESDE COMUNIDAD INFANTIL HASTA SECUNDARIA<\/h3>\r\nLos alumnos que comenzaron como una generaci\u00f3n completa desde comunidad infantil hasta secundaria, son alumnos que tienen toda la esencia Humane, la cual ayud\u00f3 a la formaci\u00f3n de los pilares fundamentales de la vida como son el saber conocer, saber convivir, saber hacer y saber ser; siendo, todos ellos, personas que llevan el toque de todas las personas que buscaron lo mejor para su desarrollo personal. Todo esto se sigue entregando de manera cotidiana a cada uno de los alumnos que forman parte de la comunidad Humane.[\/vc_column_text][\/vc_column_inner][vc_column_inner width=\u00bb1\/2&#8243;][vc_single_image image=\u00bb391610&#8243; img_size=\u00bbfull\u00bb][\/vc_column_inner][\/vc_row_inner][\/vc_tta_section][\/vc_tta_tabs][\/vc_column][\/vc_row][vc_row full_width=\u00bbstretch_row\u00bb video_bg=\u00bbyes\u00bb video_bg_url=\u00bbhttps:\/\/www.youtube.com\/watch?v=kODLQj3w40c\u00bb css=\u00bb.vc_custom_1487814568665{margin-bottom: 0px !important;padding-top: 340px !important;padding-bottom: 330px !important;}\u00bb][vc_column][vc_column_text el_class=\u00bbhidden-xs\u00bb]\r\n<div style=\"font-size: 60px; color: #fff; text-align: center;\">Tour en el Colegio Humane<\/div>\r\n[\/vc_column_text][\/vc_column][\/vc_row][vc_row][vc_column][vc_column_text]\r\n\r\n[\/vc_column_text][\/vc_column][\/vc_row][vc_row][vc_column][vc_empty_space][vc_custom_heading source=\u00bbpost_title\u00bb google_fonts=\u00bbfont_family:Arimo%3Aregular%2Citalic%2C700%2C700italic|font_style:400%20regular%3A400%3Anormal\u00bb][\/vc_column][\/vc_row][vc_row][vc_column width=\u00bb1\/2&#8243;][vc_column_text]En Colegio Humane tenemos el compromiso de ofrecer a la sociedad un modelo educativo con los mejores m\u00e9todos de ense\u00f1anza-aprendizaje, que fomenten la responsabilidad, eleven la autoestima y que permitan a sus estudiantes, ser todo lo que pueden ser.\r\n<h4>Nuestra Misi\u00f3n<\/h4>\r\nBuscar una mejora ascendente de la educaci\u00f3n en M\u00e9xico. Formando personas \u00e9ticas, \u00edntegras, auto determinadas y comprometidas con la sustentabilidad social, educando ni\u00f1os desde la edad preescolar hasta secundaria.\r\n\r\nIncrementar en los ni\u00f1os y j\u00f3venes su nivel de conciencia para que sean capaces de confrontar su realidad y adaptarse a su entorno. Todo esto con el fin de que asuman su participaci\u00f3n y compromiso en dejar un mundo mejor al que encontraron.[\/vc_column_text][\/vc_column][vc_column width=\u00bb1\/2&#8243;][vc_single_image image=\u00bb391639&#8243; img_size=\u00bbfull\u00bb][\/vc_column][\/vc_row][vc_row full_width=\u00bbstretch_row\u00bb css=\u00bb.vc_custom_1456212165414{padding-top: 100px !important;padding-bottom: 60px !important;background-color: #ffffff !important;}\u00bb el_class=\u00bbapply_course\u00bb][vc_column]<div  id=\"IaVGkNtuhH\" class=\"k2t-heading align-left has-border no-subtitle h2 two_dots\"><div class=\"k2t-heading-inner\"><div class=\"text\"><h2 class=\"h\"><span>Solicita mas informaci\u00f3n<\/span><\/h2><div class=\"has-boder-style\"><span><\/span><\/div><\/div><\/div><\/div>[vc_column_text css=\u00bb.vc_custom_1484580396876{margin-top: -10px !important;margin-bottom: 120px !important;}\u00bb el_class=\u00bbdesc_apply_course\u00bb]Estaremos encantados de escucharte[\/vc_column_text]\n<div class=\"wpcf7 no-js\" id=\"wpcf7-f3496-o1\" lang=\"en-US\" dir=\"ltr\" data-wpcf7-id=\"3496\">\n<div class=\"screen-reader-response\"><p role=\"status\" aria-live=\"polite\" aria-atomic=\"true\"><\/p> <ul><\/ul><\/div>\n<form action=\"\/espanol\/wp-json\/wp\/v2\/pages\/2059#wpcf7-f3496-o1\" method=\"post\" class=\"wpcf7-form init\" aria-label=\"Contact form\" novalidate=\"novalidate\" data-status=\"init\">\n<fieldset class=\"hidden-fields-container\"><input type=\"hidden\" name=\"_wpcf7\" value=\"3496\" \/><input type=\"hidden\" name=\"_wpcf7_version\" value=\"6.1.4\" \/><input type=\"hidden\" name=\"_wpcf7_locale\" value=\"en_US\" \/><input type=\"hidden\" name=\"_wpcf7_unit_tag\" value=\"wpcf7-f3496-o1\" \/><input type=\"hidden\" name=\"_wpcf7_container_post\" value=\"0\" \/><input type=\"hidden\" name=\"_wpcf7_posted_data_hash\" value=\"\" \/>\n<\/fieldset>\n<div id=\"commentform\">\n\t<p class=\"one-third\"><label>Nombre *<\/label><span class=\"wpcf7-form-control-wrap\" data-name=\"your-name\"><input size=\"40\" maxlength=\"400\" class=\"wpcf7-form-control wpcf7-text wpcf7-validates-as-required\" aria-required=\"true\" aria-invalid=\"false\" value=\"\" type=\"text\" name=\"your-name\" \/><\/span>\n\t<\/p>\n\t<p class=\"one-third\"><label>Email *<\/label><span class=\"wpcf7-form-control-wrap\" data-name=\"your-email\"><input size=\"40\" maxlength=\"400\" class=\"wpcf7-form-control wpcf7-email wpcf7-validates-as-required wpcf7-text wpcf7-validates-as-email\" aria-required=\"true\" aria-invalid=\"false\" value=\"\" type=\"email\" name=\"your-email\" \/><\/span>\n\t<\/p>\n\t<p><label>Mensaje *<\/label><span class=\"wpcf7-form-control-wrap\" data-name=\"your-message\"><textarea cols=\"40\" rows=\"10\" maxlength=\"2000\" class=\"wpcf7-form-control wpcf7-textarea\" aria-invalid=\"false\" name=\"your-message\"><\/textarea><\/span>\n\t<\/p>\n\t<p><input class=\"wpcf7-form-control wpcf7-submit has-spinner btn-ripple\" type=\"submit\" value=\"Enviar Mensaje\" \/>\n\t<\/p>\n<\/div><p style=\"display: none !important;\" class=\"akismet-fields-container\" data-prefix=\"_wpcf7_ak_\"><label>&#916;<textarea name=\"_wpcf7_ak_hp_textarea\" cols=\"45\" rows=\"8\" maxlength=\"100\"><\/textarea><\/label><input type=\"hidden\" id=\"ak_js_1\" name=\"_wpcf7_ak_js\" value=\"81\"\/><script>document.getElementById( \"ak_js_1\" ).setAttribute( \"value\", ( new Date() ).getTime() );<\/script><\/p><div class=\"wpcf7-response-output\" aria-hidden=\"true\"><\/div>\n<\/form>\n<\/div>\n[\/vc_column][\/vc_row][vc_row full_width=\u00bbstretch_row\u00bb css=\u00bb.vc_custom_1439455376835{margin-bottom: 0px !important;padding-top: 47px !important;padding-bottom: 12px !important;background-color: #3f51b5 !important;}\u00bb][vc_column]<div  id=\"U8nXg1tSML\" class=\"k2t-heading align-left has-border no-subtitle h2 two_dots\"><div class=\"k2t-heading-inner\"><div class=\"text\"><h2 class=\"h\" style=\"color: #ffffff\"><span>Ubicaci\u00f3n<\/span><\/h2><div class=\"has-boder-style\"><span><\/span><\/div><\/div><\/div><\/div><style>#U8nXg1tSML.k2t-heading.has-border .h:before, #U8nXg1tSML.k2t-heading.has-border .h:after { color: #ffffff !important;}<\/style>[\/vc_column][\/vc_row][vc_row full_width=\u00bbstretch_row_content_no_spaces\u00bb css=\u00bb.vc_custom_1439455573411{margin-bottom: 0px !important;}\u00bb][vc_column]<div class=\"\" id=\"k2t_map_635880614\" style=\"width:100%;height:700px;\"><\/div><script>\r\n\t\t(function($) {\r\n\t\t\"use strict\";\r\n\t\t$(document).ready(function() {\r\n\t\tvar latlng = new google.maps.LatLng(0, 0);\r\n\t\tvar myOptions = {\r\n\t\t\tzoom: 17,\r\n\t\t\tcenter: latlng,\r\n\t\t\tmapTypeId: google.maps.MapTypeId.ROADMAP,scrollwheel: false,disableDefaultUI: \"true\",draggable: false,};\r\n\t\tvar map_635880614 = new google.maps.Map(document.getElementById(\"k2t_map_635880614\"), myOptions);var geocoder_map_635880614 = new google.maps.Geocoder();\r\n\t\t\tvar address = '21.167436, -101.729559';\r\n\t\t\tgeocoder_map_635880614.geocode( { 'address': address}, function(results, status) {\r\n\t\t\t\tif (status == google.maps.GeocoderStatus.OK) {\r\n\t\t\t\t\tmap_635880614.setCenter(results[0].geometry.location);var image = \"https:\/\/www.humane.com.mx\/espanol\/wp-content\/uploads\/2015\/08\/marker.png\";\r\n\t\t\t\t\t\tvar marker = new google.maps.Marker({\r\n\t\t\t\t\t\t\tmap: map_635880614,\r\n\t\t\t\t\t\t\ticon: image,position: map_635880614.getCenter()});} else {\r\n\t\t\t\talert(\"Geocode was not successful for the following reason: \" + status);\r\n\t\t\t}\r\n\t\t\t});\r\n\t\t\t});})(jQuery);<\/script>[\/vc_column][\/vc_row]","protected":false},"excerpt":{"rendered":"<p>[vc_row css=\u00bb.vc_custom_1439453557736{margin-bottom: 95px !important;}\u00bb][vc_column][vc_tta_tabs style=\u00bbflat\u00bb spacing=\u00bb20&#8243; gap=\u00bb10&#8243; active_section=\u00bb1&#8243; pagination_style=\u00bboutline-square\u00bb][vc_tta_section title=\u00bb2002&#8243; tab_id=\u00bb1439366115142-40f026ff-0a81&#8243;][vc_row_inner][vc_column_inner width=\u00bb1\/2&#8243;][vc_column_text] INICIA EL PROYECTO HUMANE Se comienza como una<\/p>\n","protected":false},"author":1,"featured_media":0,"parent":0,"menu_order":0,"comment_status":"closed","ping_status":"closed","template":"","meta":{"footnotes":""},"class_list":["post-2059","page","type-page","status-publish","hentry"],"_links":{"self":[{"href":"https:\/\/www.humane.com.mx\/espanol\/wp-json\/wp\/v2\/pages\/2059","targetHints":{"allow":["GET"]}}],"collection":[{"href":"https:\/\/www.humane.com.mx\/espanol\/wp-json\/wp\/v2\/pages"}],"about":[{"href":"https:\/\/www.humane.com.mx\/espanol\/wp-json\/wp\/v2\/types\/page"}],"author":[{"embeddable":true,"href":"https:\/\/www.humane.com.mx\/espanol\/wp-json\/wp\/v2\/users\/1"}],"replies":[{"embeddable":true,"href":"https:\/\/www.humane.com.mx\/espanol\/wp-json\/wp\/v2\/comments?post=2059"}],"version-history":[{"count":0,"href":"https:\/\/www.humane.com.mx\/espanol\/wp-json\/wp\/v2\/pages\/2059\/revisions"}],"wp:attachment":[{"href":"https:\/\/www.humane.com.mx\/espanol\/wp-json\/wp\/v2\/media?parent=2059"}],"curies":[{"name":"wp","href":"https:\/\/api.w.org\/{rel}","templated":true}]}}