{"id":2093,"date":"2015-08-17T04:50:19","date_gmt":"2015-08-17T04:50:19","guid":{"rendered":"http:\/\/demo.lunartheme.com\/lincoln\/?page_id=2093"},"modified":"2017-10-26T16:54:04","modified_gmt":"2017-10-26T16:54:04","slug":"oferta-educativa","status":"publish","type":"page","link":"https:\/\/www.humane.com.mx\/espanol\/oferta-educativa\/","title":{"rendered":"Oferta Educativa"},"content":{"rendered":"[vc_row css=\u00bb.vc_custom_1441955668424{margin-top: -135px !important;margin-bottom: 65px !important;}\u00bb][vc_column][vc_column_text]<section class=\"table-5col clearfix k2t-pricing pricing-5 no-del\"><div class=\"pricing-column  pricing-column-first\">\r\n\t                <div class=\"k2t-element-hover\">\r\n\t                    <div class=\"pricing-header\">\r\n\t                    \t<div class=\"pricing-image\"><img decoding=\"async\" width=\"auto\" height=\"auto\" src=\"https:\/\/www.humane.com.mx\/espanol\/wp-content\/uploads\/2017\/02\/nido.png\" alt=\"Avatar\" \/><\/div>\r\n\t                        <h3 class=\"pricing-title\">Nido Baby&amp;Me<\/h3>\r\n\t                        <p class=\"pricing-sub_title\">Pregateadores,\r\nGateadores y Caminadores<\/p><\/div>\r\n\t                    <div class=\"price\"><\/div>\r\n\t                    <div class=\"description\">\r\n\r\n&nbsp;\r\n\r\n<hr \/>\r\n\r\n&nbsp;\r\n\r\nEstimulaci\u00f3n temprana\r\n\r\n&nbsp;\r\n\r\n<hr \/>\r\n\r\n&nbsp;\r\n\r\nFavorece procesos cognitivos\r\n\r\n&nbsp;\r\n\r\n<hr \/>\r\n\r\n&nbsp;\r\n\r\nImpulsan su desarrollo\r\n\r\n<\/div>\r\n\t                    <div class=\"pricing-footer\"><div class=\"k2t-button button-green align-center\"><a id=\"NRDPOeTtEc\" style=\"\" class=\"k2t-btn btn-ripple btn-medium button-icon-right\" href=\"http:\/\/www.humane.com.mx\/espanol\/nido2\/\" target=\"_blank\"><span class=\"button-text\" style=\"\"><span class=\"text\">Mas info<\/span><\/span><\/a><\/div><\/div>\r\n                    <\/div>\t\t\t\r\n                <\/div><div class=\"pricing-column \">\r\n\t                <div class=\"k2t-element-hover\">\r\n\t                    <div class=\"pricing-header\">\r\n\t                    \t<div class=\"pricing-image\"><img decoding=\"async\" width=\"auto\" height=\"auto\" src=\"https:\/\/www.humane.com.mx\/espanol\/wp-content\/uploads\/2017\/02\/comu.png\" alt=\"Avatar\" \/><\/div>\r\n\t                        <h3 class=\"pricing-title\">Comunidad Infantil<\/h3>\r\n\t                        <p class=\"pricing-sub_title\">Caminadores a 3 a\u00f1os<\/p><\/div>\r\n\t                    <div class=\"price\"><\/div>\r\n\t                    <div class=\"description\">\r\n\r\n&nbsp;\r\n\r\n<hr \/>\r\n\r\n&nbsp;\r\n\r\nAdaptaci\u00f3n a un entorno distinto\r\n\r\n&nbsp;\r\n\r\n<hr \/>\r\n\r\n&nbsp;\r\n\r\nAyudamos a su proceso de independencia\r\n\r\n&nbsp;\r\n\r\n<hr \/>\r\n\r\n&nbsp;\r\n\r\nEnriquecer su lenguaje\r\n\r\n<\/div>\r\n\t                    <div class=\"pricing-footer\"><div class=\"k2t-button button-green align-center\"><a id=\"LnxvzreRdD\" style=\"\" class=\"k2t-btn btn-ripple btn-medium button-icon-right\" href=\"http:\/\/www.humane.com.mx\/espanol\/comunidad-infantil-2\/\" target=\"_blank\"><span class=\"button-text\" style=\"\"><span class=\"text\">Mas info<\/span><\/span><\/a><\/div><\/div>\r\n                    <\/div>\t\t\t\r\n                <\/div><div class=\"pricing-column \">\r\n\t                <div class=\"k2t-element-hover\">\r\n\t                    <div class=\"pricing-header\">\r\n\t                    \t<div class=\"pricing-image\"><img decoding=\"async\" width=\"auto\" height=\"auto\" src=\"https:\/\/www.humane.com.mx\/espanol\/wp-content\/uploads\/2017\/02\/casa.png\" alt=\"Avatar\" \/><\/div>\r\n\t                        <h3 class=\"pricing-title\">Casa de Ni\u00f1os<\/h3>\r\n\t                        <p class=\"pricing-sub_title\">3 a 6 a\u00f1os<\/p><\/div>\r\n\t                    <div class=\"price\"><\/div>\r\n\t                    <div class=\"description\">\r\n\r\n&nbsp;\r\n\r\n<hr \/>\r\n\r\n&nbsp;\r\n\r\nAvanzar en su proceso de independencia\r\n\r\n&nbsp;\r\n\r\n<hr \/>\r\n\r\n&nbsp;\r\n\r\nHabilidades del pensamiento matem\u00e1tico\r\n\r\n&nbsp;\r\n\r\n<hr \/>\r\n\r\n&nbsp;\r\n\r\nsensibilizar la percepci\u00f3n de su entorno\r\n\r\n<\/div>\r\n\t                    <div class=\"pricing-footer\"><div class=\"k2t-button button-green align-center\"><a id=\"KYVGBaArOh\" style=\"\" class=\"k2t-btn btn-ripple btn-medium button-icon-right\" href=\"http:\/\/www.humane.com.mx\/espanol\/casa-de-ninos-2\/\" target=\"_blank\"><span class=\"button-text\" style=\"\"><span class=\"text\">Mas info<\/span><\/span><\/a><\/div><\/div>\r\n                    <\/div>\t\t\t\r\n                <\/div><div class=\"pricing-column \">\r\n\t                <div class=\"k2t-element-hover\">\r\n\t                    <div class=\"pricing-header\">\r\n\t                    \t<div class=\"pricing-image\"><img decoding=\"async\" width=\"auto\" height=\"auto\" src=\"https:\/\/www.humane.com.mx\/espanol\/wp-content\/uploads\/2017\/02\/talle.png\" alt=\"Avatar\" \/><\/div>\r\n\t                        <h3 class=\"pricing-title\">Talleres Primaria<\/h3>\r\n\t                        <p class=\"pricing-sub_title\">6 &#8211; 12 a\u00f1os<\/p><\/div>\r\n\t                    <div class=\"price\"><\/div>\r\n\t                    <div class=\"description\">\r\n\r\n&nbsp;\r\n\r\n<hr \/>\r\n\r\n&nbsp;\r\n\r\nGrupos reducidos m\u00e1ximo 13 ni\u00f1os por gu\u00eda\r\n\r\n&nbsp;\r\n\r\n<hr \/>\r\n\r\n&nbsp;\r\n\r\nNi\u00f1os responsables, conscientes de que sus actos y palabras\r\n\r\n&nbsp;\r\n\r\n<hr \/>\r\n\r\n&nbsp;\r\n\r\nEntienden y se expresan en ingl\u00e9s\r\n\r\n<\/div>\r\n\t                    <div class=\"pricing-footer\"><div class=\"k2t-button button-green align-center\"><a id=\"YuzGlMKBfw\" style=\"\" class=\"k2t-btn btn-ripple btn-medium button-icon-right\" href=\"http:\/\/www.humane.com.mx\/espanol\/talleres-2-2\/\" target=\"_blank\"><span class=\"button-text\" style=\"\"><span class=\"text\">Mas info<\/span><\/span><\/a><\/div><\/div>\r\n                    <\/div>\t\t\t\r\n                <\/div><div class=\"pricing-column \">\r\n\t                <div class=\"k2t-element-hover\">\r\n\t                    <div class=\"pricing-header\">\r\n\t                    \t<div class=\"pricing-image\"><img decoding=\"async\" width=\"auto\" height=\"auto\" src=\"https:\/\/www.humane.com.mx\/espanol\/wp-content\/uploads\/2017\/02\/sec.png\" alt=\"Avatar\" \/><\/div>\r\n\t                        <h3 class=\"pricing-title\">Secundaria Biling\u00fce<\/h3>\r\n\t                        <p class=\"pricing-sub_title\">12-16 a\u00f1os<\/p><\/div>\r\n\t                    <div class=\"price\"><\/div>\r\n\t                    <div class=\"description\">\r\n\r\n&nbsp;\r\n\r\n<hr \/>\r\n\r\n&nbsp;\r\n\r\nM\u00e1ximo 25 alumnos por sal\u00f3n\r\n\r\n&nbsp;\r\n\r\n<hr \/>\r\n\r\n&nbsp;\r\n\r\nToman decisiones para impactar su entorno de manera positiva\r\n\r\n&nbsp;\r\n\r\n<hr \/>\r\n\r\n&nbsp;\r\n\r\nJ\u00f3venes biling\u00fces\r\n\r\n<\/div>\r\n\t                    <div class=\"pricing-footer\"><div class=\"k2t-button button-green align-center\"><a id=\"XfOYKvNDzd\" style=\"\" class=\"k2t-btn btn-ripple btn-medium button-icon-right\" href=\"http:\/\/www.humane.com.mx\/espanol\/secundaria-2-2\/\" target=\"_blank\"><span class=\"button-text\" style=\"\"><span class=\"text\">Mas info<\/span><\/span><\/a><\/div><\/div>\r\n                    <\/div>\t\t\t\r\n                <\/div><\/section>[\/vc_column_text][\/vc_column][\/vc_row][vc_row css=\u00bb.vc_custom_1441955830033{margin-bottom: 40px !important;padding-bottom: 65px !important;}\u00bb][vc_column][vc_column_text]\r\n<h2>Nuestra propuesta educativa<\/h2>\r\nIncluye metodolog\u00edas pedag\u00f3gicas de gran renombre internacional: Montessori, Lozanov, nuevas tecnolog\u00edas, as\u00ed como programas complementarios: psicomotricidad, arte, tecnolog\u00edas de informaci\u00f3n, servicio social, deportes, m\u00fasica, ecolog\u00eda y proyecto de lectura.[\/vc_column_text][vc_custom_heading text=\u00bbSi tienen alguna duda, contacte al departamento de Admisiones y con gusto lo atendera.\u00bb font_container=\u00bbtag:h3|font_size:28px|text_align:center\u00bb google_fonts=\u00bbfont_family:Roboto%3A100%2C100italic%2C300%2C300italic%2Cregular%2Citalic%2C500%2C500italic%2C700%2C700italic%2C900%2C900italic|font_style:300%20light%20regular%3A300%3Anormal\u00bb css=\u00bb.vc_custom_1487237832496{margin-bottom: 10px !important;}\u00bb][vc_row_inner][vc_column_inner width=\u00bb1\/2&#8243;][vc_column_text]<div class=\"k2t-iconbox has-background layout-1 k2t-element-hover k2t-element-hover\"  style=\"background-color: #03a9f4\"><div class=\"iconbox-icon\" style=\"color: #ffffff\"><i style=\"font-size: 48px;color: #ffffff\" class=\"zmdi zmdi-email\"><\/i><\/div><div class=\"iconbox-text\"><div class=\"title\"><h3 style=\"color: #ffffff;text-transform: uppercase;font-size: 16px;\" class=\"h\">Email<\/h3><\/div><div class=\"desc\">\r\n\r\nmireya.pons@humane.edu.mx\r\n\r\n<\/div><\/div><\/div>[\/vc_column_text][\/vc_column_inner][vc_column_inner width=\u00bb1\/2&#8243;][vc_column_text]<div class=\"k2t-iconbox has-background layout-1 k2t-element-hover k2t-element-hover\"  style=\"background-color: #8bc34a\"><div class=\"iconbox-icon\" style=\"color: #ffffff\"><i style=\"font-size: 48px;color: #ffffff\" class=\"zmdi zmdi-phone\"><\/i><\/div><div class=\"iconbox-text\"><div class=\"title\"><h3 style=\"color: #ffffff;text-transform: uppercase;font-size: 16px;\" class=\"h\">Recepci\u00f3n<\/h3><\/div><div class=\"desc\">\r\n\r\n+ 52 (477) 2930 300\r\n\r\n<\/div><\/div><\/div>[\/vc_column_text][\/vc_column_inner][\/vc_row_inner][\/vc_column][\/vc_row][vc_row full_width=\u00bbstretch_row\u00bb css=\u00bb.vc_custom_1441955919088{margin-bottom: 0px !important;padding-top: 55px !important;padding-bottom: 20px !important;background-color: #ffffff !important;}\u00bb][vc_column][vc_column_text]<div  id=\"RVt6MjUCqT\" class=\"k2t-heading align-left has-border no-subtitle h2 two_dots\"><div class=\"k2t-heading-inner\"><div class=\"text\"><h2 class=\"h\"><span>\r\n\r\nComo encontrarnos\r\n\r\n<\/span><\/h2><div class=\"has-boder-style\"><span><\/span><\/div><\/div><\/div><\/div>[\/vc_column_text][\/vc_column][\/vc_row][vc_row full_width=\u00bbstretch_row_content_no_spaces\u00bb css=\u00bb.vc_custom_1439786016231{margin-bottom: 0px !important;}\u00bb][vc_column][vc_column_text]<div class=\"\" id=\"k2t_map_415027105\" style=\"width:100%;height:300px;\"><\/div><script>\r\n\t\t(function($) {\r\n\t\t\"use strict\";\r\n\t\t$(document).ready(function() {\r\n\t\tvar latlng = new google.maps.LatLng(21.167436, -101.729559);\r\n\t\tvar myOptions = {\r\n\t\t\tzoom: 16,\r\n\t\t\tcenter: latlng,\r\n\t\t\tmapTypeId: google.maps.MapTypeId.ROADMAP,scrollwheel: true,disableDefaultUI: \"false\",draggable: true,styles: [{\"featureType\":\"administrative\",\"elementType\":\"labels.text.fill\",\"stylers\":[{}]},\r\n\t\t\t\t\t{\"featureType\":\"landscape\",\"elementType\":\"all\",\"stylers\":[{}]},\r\n\t\t\t\t\t{\"featureType\":\"poi\",\"elementType\":\"all\",\"stylers\":[{\"visibility\":\"on\"}]},\r\n\t\t\t\t\t{\"featureType\":\"road\",\"elementType\":\"all\",\"stylers\":[]},\r\n\t\t\t\t\t{\"featureType\":\"road.highway\",\"elementType\":\"all\",\"stylers\":[{\"visibility\":\"on\"}]},\r\n\t\t\t\t\t{\"featureType\":\"road.arterial\",\"elementType\":\"labels.icon\",\"stylers\":[{\"visibility\":\"on\"}]},\r\n\t\t\t\t\t{\"featureType\":\"transit\",\"elementType\":\"all\",\"stylers\":[{\"visibility\":\"on\"}]},\r\n\t\t\t\t\t{\"featureType\":\"water\",\"elementType\":\"all\",\"stylers\":[{\"color\":\"#afe0ff\"},{\"visibility\":\"on\"}]\r\n\t\t\t\t}]};\r\n\t\tvar map_415027105 = new google.maps.Map(document.getElementById(\"k2t_map_415027105\"), myOptions);var geocoder_map_415027105 = new google.maps.Geocoder();\r\n\t\t\tvar address = '21.167436, -101.729559';\r\n\t\t\tgeocoder_map_415027105.geocode( { 'address': address}, function(results, status) {\r\n\t\t\t\tif (status == google.maps.GeocoderStatus.OK) {\r\n\t\t\t\t\tmap_415027105.setCenter(results[0].geometry.location);var image = \"https:\/\/www.humane.com.mx\/espanol\/wp-content\/uploads\/2015\/08\/marker.png\";\r\n\t\t\t\t\t\tvar marker = new google.maps.Marker({\r\n\t\t\t\t\t\t\tmap: map_415027105,\r\n\t\t\t\t\t\t\ticon: image,position: map_415027105.getCenter()});} else {\r\n\t\t\t\talert(\"Geocode was not successful for the following reason: \" + status);\r\n\t\t\t}\r\n\t\t\t});\r\n\t\t\t});})(jQuery);<\/script>[\/vc_column_text][\/vc_column][\/vc_row][vc_row][vc_column][\/vc_column][\/vc_row]","protected":false},"excerpt":{"rendered":"<p>[vc_row css=\u00bb.vc_custom_1441955668424{margin-top: -135px !important;margin-bottom: 65px !important;}\u00bb][vc_column][vc_column_text][\/vc_column_text][\/vc_column][\/vc_row][vc_row css=\u00bb.vc_custom_1441955830033{margin-bottom: 40px !important;padding-bottom: 65px !important;}\u00bb][vc_column][vc_column_text] Nuestra propuesta educativa Incluye metodolog\u00edas pedag\u00f3gicas de gran renombre<\/p>\n","protected":false},"author":1,"featured_media":0,"parent":0,"menu_order":0,"comment_status":"closed","ping_status":"open","template":"","meta":{"footnotes":""},"class_list":["post-2093","page","type-page","status-publish","hentry"],"_links":{"self":[{"href":"https:\/\/www.humane.com.mx\/espanol\/wp-json\/wp\/v2\/pages\/2093","targetHints":{"allow":["GET"]}}],"collection":[{"href":"https:\/\/www.humane.com.mx\/espanol\/wp-json\/wp\/v2\/pages"}],"about":[{"href":"https:\/\/www.humane.com.mx\/espanol\/wp-json\/wp\/v2\/types\/page"}],"author":[{"embeddable":true,"href":"https:\/\/www.humane.com.mx\/espanol\/wp-json\/wp\/v2\/users\/1"}],"replies":[{"embeddable":true,"href":"https:\/\/www.humane.com.mx\/espanol\/wp-json\/wp\/v2\/comments?post=2093"}],"version-history":[{"count":0,"href":"https:\/\/www.humane.com.mx\/espanol\/wp-json\/wp\/v2\/pages\/2093\/revisions"}],"wp:attachment":[{"href":"https:\/\/www.humane.com.mx\/espanol\/wp-json\/wp\/v2\/media?parent=2093"}],"curies":[{"name":"wp","href":"https:\/\/api.w.org\/{rel}","templated":true}]}}